{"id":2,"date":"2020-05-05T15:41:10","date_gmt":"2020-05-05T15:41:10","guid":{"rendered":"http:\/\/speeddog.eu\/?page_id=2"},"modified":"2023-02-15T13:15:50","modified_gmt":"2023-02-15T11:15:50","slug":"sample-page","status":"publish","type":"page","link":"https:\/\/speeddog.eu\/","title":{"rendered":"SPEEDDOG"},"content":{"rendered":"\n<p><strong>SPEEDDOG ylij\u00e4\u00e4m\u00e4lohta koirasi hyvinvoinnin tueksi.<\/strong><\/p>\n\n\n\n<figure class=\"wp-block-image size-large\"><img loading=\"lazy\" decoding=\"async\" width=\"1024\" height=\"603\" src=\"https:\/\/speeddog.eu\/wp-content\/uploads\/2020\/05\/cropped-Lohenp\u00e4\u00e4n-haukkaaminen-1-1024x603.jpg\" alt=\"\" class=\"wp-image-58\" srcset=\"https:\/\/speeddog.eu\/wp-content\/uploads\/2020\/05\/cropped-Lohenp\u00e4\u00e4n-haukkaaminen-1-1024x603.jpg 1024w, https:\/\/speeddog.eu\/wp-content\/uploads\/2020\/05\/cropped-Lohenp\u00e4\u00e4n-haukkaaminen-1-300x177.jpg 300w, https:\/\/speeddog.eu\/wp-content\/uploads\/2020\/05\/cropped-Lohenp\u00e4\u00e4n-haukkaaminen-1-768x452.jpg 768w, https:\/\/speeddog.eu\/wp-content\/uploads\/2020\/05\/cropped-Lohenp\u00e4\u00e4n-haukkaaminen-1-1536x904.jpg 1536w, https:\/\/speeddog.eu\/wp-content\/uploads\/2020\/05\/cropped-Lohenp\u00e4\u00e4n-haukkaaminen-1.jpg 2000w\" sizes=\"auto, (max-width: 767px) 89vw, (max-width: 1000px) 54vw, (max-width: 1071px) 543px, 580px\" \/><\/figure>\n\n\n\n<p><strong><br>Tervetuloa osaksi kiertotaloutta, jossa ei heitet\u00e4 hukkaan mit\u00e4\u00e4n!<\/strong><\/p>\n\n\n<p>Olemme Rovaniemelt\u00e4 toimiva ylij\u00e4\u00e4m\u00e4lohen myyj\u00e4. Meilt\u00e4 l\u00f6ytyy koiran ruokintaan lohenp\u00e4it\u00e4 sek\u00e4 koiranruokalohta (p\u00e4\u00e4t, selk\u00e4ruodot ja pyrst\u00f6t).<\/p>\n\n\n\n<p><strong>Haluatko antaa koirallesi sen tarvitsemaa ravintoa vaivattomasti?<\/strong><\/p>\n\n\n\n<ul class=\"wp-block-list\">\n<li>Lohi on t\u00e4ynn\u00e4 v\u00e4ltt\u00e4m\u00e4tt\u00f6mi\u00e4 vitamiineja ja kivenn\u00e4isaineita, ja yksi lohenp\u00e4\u00e4 riitt\u00e4\u00e4 kattamaan 20 kg painavan koiran p\u00e4ivitt\u00e4iset tarpeet sen aktiivisuustasosta riippuen.<\/li>\n\n\n\n<li>Lohi sopii kaikille koirille, my\u00f6s niille, joilla on allergioita tai herkkyysongelmia.<\/li>\n\n\n\n<li>Lohi on my\u00f6s v\u00e4h\u00e4rasvaista terveellisen painon yll\u00e4pit\u00e4miseksi sek\u00e4 sis\u00e4lt\u00e4\u00e4 runsaasti Omega 3 rasvahappoja koiran hyvinvoinnin tueksi.<\/li>\n<\/ul>\n\n\n\n<p>Pohjois-Suomeen toimitettaessa saat tarkan toimitusp\u00e4iv\u00e4m\u00e4\u00e4r\u00e4n tilauksen j\u00e4lkeen.<br>Etel\u00e4\u00e4n tulevista toimituksista toimitusajankohta voi joustaa yhden p\u00e4iv\u00e4n.<\/p>\n\n\n\n<p>Laita kysymys tai tai tee tilaus <a rel=\"noreferrer noopener\" href=\"http:\/\/m.me\/SPEEDDOG.eu\" target=\"_blank\">Facebook-messengerill\u00e4<\/a> tai suoraan <a href=\"https:\/\/holvi.com\/shop\/SPEEDDOG\/\" data-type=\"URL\" data-id=\"https:\/\/holvi.com\/shop\/SPEEDDOG\/\">verkkokaupastamme.<\/a><\/p>\n\n\n\n<iframe loading=\"lazy\" src=\"https:\/\/www.facebook.com\/plugins\/video.php?height=314&amp;href=https%3A%2F%2Fwww.facebook.com%2FSPEEDDOG.eu%2Fvideos%2F268110397748895%2F&amp;show_text=false&amp;width=560&amp;t=0\" style=\"border:none;overflow:hidden\" scrolling=\"no\" allowfullscreen=\"true\" allow=\"autoplay; clipboard-write; encrypted-media; picture-in-picture; web-share\" width=\"560\" height=\"314\" frameborder=\"0\"><\/iframe>\n\n\n\n<br>\n<!-- Start of HubSpot code snippet -->\n\n \n\n<!-- End of HubSpot code snippet -->\n","protected":false},"excerpt":{"rendered":"<p>SPEEDDOG ylij\u00e4\u00e4m\u00e4lohta koirasi hyvinvoinnin tueksi. Tervetuloa osaksi kiertotaloutta, jossa ei heitet\u00e4 hukkaan mit\u00e4\u00e4n! Haluatko antaa koirallesi sen tarvitsemaa ravintoa vaivattomasti? Pohjois-Suomeen toimitettaessa saat tarkan toimitusp\u00e4iv\u00e4m\u00e4\u00e4r\u00e4n tilauksen j\u00e4lkeen.Etel\u00e4\u00e4n tulevista toimituksista toimitusajankohta voi joustaa yhden p\u00e4iv\u00e4n. Laita kysymys tai tai tee tilaus Facebook-messengerill\u00e4 tai suoraan verkkokaupastamme.<\/p>\n","protected":false},"author":1,"featured_media":0,"parent":0,"menu_order":0,"comment_status":"closed","ping_status":"open","template":"","meta":{"footnotes":""},"class_list":["post-2","page","type-page","status-publish","hentry"],"_links":{"self":[{"href":"https:\/\/speeddog.eu\/index.php?rest_route=\/wp\/v2\/pages\/2","targetHints":{"allow":["GET"]}}],"collection":[{"href":"https:\/\/speeddog.eu\/index.php?rest_route=\/wp\/v2\/pages"}],"about":[{"href":"https:\/\/speeddog.eu\/index.php?rest_route=\/wp\/v2\/types\/page"}],"author":[{"embeddable":true,"href":"https:\/\/speeddog.eu\/index.php?rest_route=\/wp\/v2\/users\/1"}],"replies":[{"embeddable":true,"href":"https:\/\/speeddog.eu\/index.php?rest_route=%2Fwp%2Fv2%2Fcomments&post=2"}],"version-history":[{"count":50,"href":"https:\/\/speeddog.eu\/index.php?rest_route=\/wp\/v2\/pages\/2\/revisions"}],"predecessor-version":[{"id":257,"href":"https:\/\/speeddog.eu\/index.php?rest_route=\/wp\/v2\/pages\/2\/revisions\/257"}],"wp:attachment":[{"href":"https:\/\/speeddog.eu\/index.php?rest_route=%2Fwp%2Fv2%2Fmedia&parent=2"}],"curies":[{"name":"wp","href":"https:\/\/api.w.org\/{rel}","templated":true}]}}