{"id":147,"date":"2023-02-13T14:08:26","date_gmt":"2023-02-13T12:08:26","guid":{"rendered":"https:\/\/speeddog.eu\/?page_id=147"},"modified":"2023-02-13T14:08:26","modified_gmt":"2023-02-13T12:08:26","slug":"faq-usein-kysyttyja-kysymyksia","status":"publish","type":"page","link":"https:\/\/speeddog.eu\/?page_id=147","title":{"rendered":"FAQ- Usein kysyttyj\u00e4 kysymyksi\u00e4"},"content":{"rendered":"\n<p><strong>Mist\u00e4 lohi on per\u00e4isin?<\/strong><br>Lohi on kasvatettu Norjassa, josta se on tuotu kokonaisena suomeen. Suomessa lohi on perattu ja k\u00e4sitelty elintarvikelains\u00e4\u00e4d\u00f6nn\u00f6n mukaisesti. Fileet menev\u00e4t ihmisravinnoksi.<\/p>\n\n\n\n<p><strong>Paljonko maksaa rahti?<\/strong><br>Rahti sis\u00e4ltyy tuotteiden hintaan.<\/p>\n\n\n\n<p><strong>Mik\u00e4 on tuotteiden toimitusaika?<\/strong><br>Tuotteiden toimitusaika on tilauksesta 1-3vko. Tilauksen j\u00e4lkeen saat tiet\u00e4\u00e4 toimitusp\u00e4iv\u00e4n, Olethan yhteydess\u00e4 mik\u00e4li tarvitset kuorman aiemmin. <\/p>\n\n\n\n<p><strong>Mit\u00e4 lohenp\u00e4\u00e4t pussit sis\u00e4lt\u00e4v\u00e4t?<\/strong><br>Lohenp\u00e4iden mukana tulee lohen p\u00e4\u00e4 sek\u00e4 pyrst\u00f6t.<\/p>\n\n\n\n<p><strong>Mit\u00e4 koiranruokalohi sis\u00e4lt\u00e4\u00e4?<\/strong><br>Koiranruokalohilaatikot sis\u00e4lt\u00e4v\u00e4t lohen p\u00e4it\u00e4, pyrst\u00f6j\u00e4 ja ruotoja sen mukaan, mit\u00e4 on parhaiten saatavilla.<\/p>\n\n\n\n<p><strong>Mink\u00e4laisessa pakkauksessa lohet tulevat?<\/strong><br>Lohet tulevat j\u00e4isin\u00e4 pussitettuna pahvilaatikossa. 20 kg pussissa. Josta pussit on helppo siirt\u00e4\u00e4 suoraan pakastimeen. <\/p>\n\n\n\n<p><strong>Tulevatko kuormat suoraan kotiin vai voiko ne noutaa jostain?<\/strong><br>Kuormat tulevat p\u00e4\u00e4asiassa suoraan haluamaanne toimituspaikkaan, niin pitk\u00e4lle kuin kuorma-autolla p\u00e4\u00e4see.<\/p>\n\n\n\n<p><\/p>\n","protected":false},"excerpt":{"rendered":"<p>Mist\u00e4 lohi on per\u00e4isin?Lohi on kasvatettu Norjassa, josta se on tuotu kokonaisena suomeen. Suomessa lohi on perattu ja k\u00e4sitelty elintarvikelains\u00e4\u00e4d\u00f6nn\u00f6n mukaisesti. Fileet menev\u00e4t ihmisravinnoksi. Paljonko maksaa rahti?Rahti sis\u00e4ltyy tuotteiden hintaan. Mik\u00e4 on tuotteiden toimitusaika?Tuotteiden toimitusaika on tilauksesta 1-3vko. Tilauksen j\u00e4lkeen saat tiet\u00e4\u00e4 toimitusp\u00e4iv\u00e4n, Olethan yhteydess\u00e4 mik\u00e4li tarvitset kuorman aiemmin. Mit\u00e4 lohenp\u00e4\u00e4t pussit sis\u00e4lt\u00e4v\u00e4t?Lohenp\u00e4iden mukana tulee &hellip; <\/p>\n<p class=\"link-more\"><a href=\"https:\/\/speeddog.eu\/?page_id=147\" class=\"more-link\">Jatka lukemista<span class=\"screen-reader-text\"> &#8221;FAQ- Usein kysyttyj\u00e4 kysymyksi\u00e4&#8221;<\/span><\/a><\/p>\n","protected":false},"author":1,"featured_media":0,"parent":0,"menu_order":0,"comment_status":"closed","ping_status":"closed","template":"","meta":{"footnotes":""},"class_list":["post-147","page","type-page","status-publish","hentry"],"_links":{"self":[{"href":"https:\/\/speeddog.eu\/index.php?rest_route=\/wp\/v2\/pages\/147","targetHints":{"allow":["GET"]}}],"collection":[{"href":"https:\/\/speeddog.eu\/index.php?rest_route=\/wp\/v2\/pages"}],"about":[{"href":"https:\/\/speeddog.eu\/index.php?rest_route=\/wp\/v2\/types\/page"}],"author":[{"embeddable":true,"href":"https:\/\/speeddog.eu\/index.php?rest_route=\/wp\/v2\/users\/1"}],"replies":[{"embeddable":true,"href":"https:\/\/speeddog.eu\/index.php?rest_route=%2Fwp%2Fv2%2Fcomments&post=147"}],"version-history":[{"count":6,"href":"https:\/\/speeddog.eu\/index.php?rest_route=\/wp\/v2\/pages\/147\/revisions"}],"predecessor-version":[{"id":205,"href":"https:\/\/speeddog.eu\/index.php?rest_route=\/wp\/v2\/pages\/147\/revisions\/205"}],"wp:attachment":[{"href":"https:\/\/speeddog.eu\/index.php?rest_route=%2Fwp%2Fv2%2Fmedia&parent=147"}],"curies":[{"name":"wp","href":"https:\/\/api.w.org\/{rel}","templated":true}]}}